{"id":281,"date":"2020-06-08T10:09:19","date_gmt":"2020-06-08T09:09:19","guid":{"rendered":"http:\/\/aifcampania.it\/?page_id=281"},"modified":"2020-06-08T10:20:48","modified_gmt":"2020-06-08T09:20:48","slug":"elementor-281","status":"publish","type":"page","link":"https:\/\/aifcampania.it\/?page_id=281","title":{"rendered":"La Leadership Resiliente"},"content":{"rendered":"<div class=\"post-content\">\t\t<div data-elementor-type=\"wp-page\" data-elementor-id=\"281\" class=\"elementor elementor-281\">\n\t\t\t\t\t\t<div class=\"elementor-inner\">\n\t\t\t\t<div class=\"elementor-section-wrap\">\n\t\t\t\t\t\t\t\t\t<section class=\"elementor-section elementor-top-section elementor-element elementor-element-6c573a43 elementor-section-boxed elementor-section-height-default elementor-section-height-default\" data-id=\"6c573a43\" data-element_type=\"section\">\n\t\t\t\t\t\t<div class=\"elementor-container elementor-column-gap-default\">\n\t\t\t\t\t\t\t<div class=\"elementor-row\">\n\t\t\t\t\t<div class=\"elementor-column elementor-col-100 elementor-top-column elementor-element elementor-element-66364b5d\" data-id=\"66364b5d\" data-element_type=\"column\">\n\t\t\t<div class=\"elementor-column-wrap elementor-element-populated\">\n\t\t\t\t\t\t\t<div class=\"elementor-widget-wrap\">\n\t\t\t\t\t\t<div class=\"elementor-element elementor-element-42980f80 elementor-widget elementor-widget-heading\" data-id=\"42980f80\" data-element_type=\"widget\" data-widget_type=\"heading.default\">\n\t\t\t\t<div class=\"elementor-widget-container\">\n\t\t\t<h2 class=\"elementor-heading-title elementor-size-default\">Workshop      <br>19 giugno 2020        dalle  18.00 alle 20.00 <\/h2>\t\t<\/div>\n\t\t\t\t<\/div>\n\t\t\t\t\t\t<\/div>\n\t\t\t\t\t<\/div>\n\t\t<\/div>\n\t\t\t\t\t\t\t\t<\/div>\n\t\t\t\t\t<\/div>\n\t\t<\/section>\n\t\t\t\t<section class=\"elementor-section elementor-top-section elementor-element elementor-element-6afc1ebe elementor-section-boxed elementor-section-height-default elementor-section-height-default\" data-id=\"6afc1ebe\" data-element_type=\"section\">\n\t\t\t\t\t\t<div class=\"elementor-container elementor-column-gap-default\">\n\t\t\t\t\t\t\t<div class=\"elementor-row\">\n\t\t\t\t\t<div class=\"elementor-column elementor-col-100 elementor-top-column elementor-element elementor-element-58871a3d\" data-id=\"58871a3d\" data-element_type=\"column\">\n\t\t\t<div class=\"elementor-column-wrap elementor-element-populated\">\n\t\t\t\t\t\t\t<div class=\"elementor-widget-wrap\">\n\t\t\t\t\t\t<div class=\"elementor-element elementor-element-589d1516 elementor-widget elementor-widget-text-editor\" data-id=\"589d1516\" data-element_type=\"widget\" data-widget_type=\"text-editor.default\">\n\t\t\t\t<div class=\"elementor-widget-container\">\n\t\t\t\t\t\t\t\t<div class=\"elementor-text-editor elementor-clearfix\">\n\t\t\t\t<p><!-- wp:group --><\/p>\n<div class=\"rise-blocks-title\">\n<div class=\"rise-blocks-boxed rise-blocks-section-wrapper\">\n<div class=\"rise-blocks-section-inner\">\n<div class=\"wp-block-columns\">\n<div class=\"wp-block-column\">\n<section id=\"rise-blocks-heading-block-instance-0\">\n<div class=\"rise-blocks-heading-section wp-block-rise-blocks-heading left\">\n<h1><strong>La leadership resiliente<\/strong><\/h1>\n<p>Incertezze, timori, incapacit\u00e0 di pianificare con accuratezza in uno scenario cos\u00ec sconosciuto e imprevedibile, distacco fisico e spesso emotivo dal proprio team di lavoro: la crisi pandemica ha creato e continua a creare numerose difficolt\u00e0 per chi lavora, gestisce risorse, governa imprese.<\/p>\n<p>In un quadro del genere \u00e8 fondamentale esercitare un aspetto decisivo della leadership, la <strong>resilienza<\/strong>.<\/p>\n<p>Che cosa significa, soprattutto in questo momento delicatissimo, essere un <strong>leader resiliente<\/strong>?<\/p>\n<p>In che modo un leader pu\u00f2 manifestare correttamente, con impatti positivi per il suo team, la sua resistenza a difficolt\u00e0 e criticit\u00e0?<\/p>\n<p>In che modo \u00e8 possibile alimentare e sostenere una leadership resiliente?<\/p>\n<p><strong>Programma\u00a0 <\/strong><\/p>\n<p>Affronteremo questi temi con il prezioso supporto di <strong>Fabrizia Ingenito<\/strong>, Corporate e Personal Coach e di <strong>Luca Giustiniano<\/strong>, Ordinario di Organizzazione aziendale e Direttore dei Clio (Center for Research in Leadership, Innovation and Organization) alla Luiss.<\/p>\n<div class=\"rise-blocks-sub-description\">\n<p><strong>DESTINATARI<\/strong><\/p>\n<p>Docenti, progettisti di formazione, direttori di organismo, coach e facilitatori.<\/p>\n<p><i>Seminario aperto ai soci ed ai non soci AIF<\/i><\/p>\n<p><i>Attribuisce 0,5 Crediti formativi<\/i><\/p>\n<p><i>WEB MEETING ZOOM<\/i><\/p>\n<p><i>Gli iscritti riceveranno il link di Accesso alla piattaforma la sera prima dell\u2019incontro.<\/i><\/p>\n<p><i>Sar\u00e0 possibile iscriversi entro le 18. del 18 giugno 2020.<\/i><\/p>\n<\/div>\n<\/div>\n<\/section>\n<p><!-- \/wp:rise-blocks\/heading --><\/p>\n<\/div>\n<p><!-- \/wp:column --><\/p>\n<p><!-- wp:column --><\/p>\n<p><!-- \/wp:column --><\/p>\n<\/div>\n<p><!-- \/wp:columns --><\/p>\n<p><!-- wp:paragraph --><\/p>\n<p><!-- \/wp:paragraph --><\/p>\n<\/div>\n<\/div>\n<\/div>\n<p><!-- \/wp:rise-blocks\/section --><\/p>\t\t\t\t\t<\/div>\n\t\t\t\t\t\t<\/div>\n\t\t\t\t<\/div>\n\t\t\t\t\t\t<\/div>\n\t\t\t\t\t<\/div>\n\t\t<\/div>\n\t\t\t\t<div class=\"elementor-column elementor-col-100 elementor-top-column elementor-element elementor-element-4d44c36b\" data-id=\"4d44c36b\" data-element_type=\"column\">\n\t\t\t<div class=\"elementor-column-wrap elementor-element-populated\">\n\t\t\t\t\t\t\t<div class=\"elementor-widget-wrap\">\n\t\t\t\t\t\t<div class=\"elementor-element elementor-element-4076f6f elementor-widget elementor-widget-image-gallery\" data-id=\"4076f6f\" data-element_type=\"widget\" data-widget_type=\"image-gallery.default\">\n\t\t\t\t<div class=\"elementor-widget-container\">\n\t\t\t\t\t<div class=\"elementor-image-gallery\">\n\t\t\t<div id='gallery-1' class='gallery galleryid-281 gallery-columns-2 gallery-size-medium'><figure class='gallery-item'>\n\t\t\t<div class='gallery-icon landscape'>\n\t\t\t\t<a data-elementor-open-lightbox=\"yes\" data-elementor-lightbox-slideshow=\"4076f6f\" data-elementor-lightbox-title=\"Foto-Ingenito_profilo\" data-e-action-hash=\"#elementor-action%3Aaction%3Dlightbox%26settings%3DeyJpZCI6MTc3LCJ1cmwiOiJodHRwczpcL1wvYWlmY2FtcGFuaWEuaXRcL3dwLWNvbnRlbnRcL3VwbG9hZHNcLzIwMjBcLzA0XC9Gb3RvLUluZ2VuaXRvX3Byb2ZpbG8tZTE1OTE2MDc5OTY1NzEuanBnIiwic2xpZGVzaG93IjoiNDA3NmY2ZiJ9\" href='https:\/\/aifcampania.it\/wp-content\/uploads\/2020\/04\/Foto-Ingenito_profilo-e1591607996571.jpg'><img width=\"300\" height=\"287\" src=\"https:\/\/aifcampania.it\/wp-content\/uploads\/2020\/04\/Foto-Ingenito_profilo-e1591607996571-300x287.jpg\" class=\"attachment-medium size-medium\" alt=\"\" decoding=\"async\" loading=\"lazy\" srcset=\"https:\/\/aifcampania.it\/wp-content\/uploads\/2020\/04\/Foto-Ingenito_profilo-e1591607996571-300x287.jpg 300w, https:\/\/aifcampania.it\/wp-content\/uploads\/2020\/04\/Foto-Ingenito_profilo-e1591607996571.jpg 358w\" sizes=\"(max-width: 300px) 100vw, 300px\" \/><\/a>\n\t\t\t<\/div><\/figure><figure class='gallery-item'>\n\t\t\t<div class='gallery-icon landscape'>\n\t\t\t\t<a data-elementor-open-lightbox=\"yes\" data-elementor-lightbox-slideshow=\"4076f6f\" data-elementor-lightbox-title=\"Luca_Giustiniano\" data-e-action-hash=\"#elementor-action%3Aaction%3Dlightbox%26settings%3DeyJpZCI6MjgzLCJ1cmwiOiJodHRwczpcL1wvYWlmY2FtcGFuaWEuaXRcL3dwLWNvbnRlbnRcL3VwbG9hZHNcLzIwMjBcLzA2XC9MdWNhX0dpdXN0aW5pYW5vLWUxNTkxNjA4MDI0OTUwLmpwZyIsInNsaWRlc2hvdyI6IjQwNzZmNmYifQ%3D%3D\" href='https:\/\/aifcampania.it\/wp-content\/uploads\/2020\/06\/Luca_Giustiniano-e1591608024950.jpg'><img width=\"300\" height=\"291\" src=\"https:\/\/aifcampania.it\/wp-content\/uploads\/2020\/06\/Luca_Giustiniano-e1591608024950-300x291.jpg\" class=\"attachment-medium size-medium\" alt=\"\" decoding=\"async\" loading=\"lazy\" srcset=\"https:\/\/aifcampania.it\/wp-content\/uploads\/2020\/06\/Luca_Giustiniano-e1591608024950-300x291.jpg 300w, https:\/\/aifcampania.it\/wp-content\/uploads\/2020\/06\/Luca_Giustiniano-e1591608024950.jpg 512w\" sizes=\"(max-width: 300px) 100vw, 300px\" \/><\/a>\n\t\t\t<\/div><\/figure>\n\t\t<\/div>\n\t\t<\/div>\n\t\t\t\t<\/div>\n\t\t\t\t<\/div>\n\t\t\t\t<div class=\"elementor-element elementor-element-2afb4863 elementor-widget elementor-widget-text-editor\" data-id=\"2afb4863\" data-element_type=\"widget\" data-widget_type=\"text-editor.default\">\n\t\t\t\t<div class=\"elementor-widget-container\">\n\t\t\t\t\t\t\t\t<div class=\"elementor-text-editor elementor-clearfix\">\n\t\t\t\t<p>INTERVENTI<strong><br \/><\/strong><\/p><p><strong>FABRIZIA INGENITO<\/strong>, Executive &amp; Corporate Coach \u2013 PCC (Professional Certified Coach) &#8211; Presidente 2012 di ICF Italia, docente in Master per la formazione di coach professionisti, lavora con aziende nazionali e multinazionali per lo sviluppo professionale individuale e di team. Ha scritto \u201cConciliare con il Coaching\u201d ed. Franco Angeli e \u201cI capi sono soli\u201d ed. Aracne.<\/p><p><b>LUCA GIUSTINIANO, <\/b>Professore Ordinario di Organizzazione Aziendale presso la LUISS Guido Carli. Presso la LUISS Business School \u00e8 Associate Dean for Quality Management and Accreditation \u00e8 anche responsabile del Soft Skills Lab. Nel 2011 \u00e8 stato premiato dal Department of Foreign Affairs, Trade and Development del Canada con due premi: il Canada-Europe Award e la Faculty Exchange Program. I suoi interessi di ricerca si focalizzano sul tema della progettazione organizzativa attraverso l\u2019utilizzo di vari metodi di investigazione.\u00a0 membro di diverse societ\u00e0 scientifiche, tra cui: ASSIOA (Associazione Italiana di Organizzazione Aziendale), EGOS (European Group for Organizational Studies), e AOM (Academy of Management). \u00c8 Direttore del Center for research in Leadership, Innovation and Organisation.\u00a0<\/p><p><strong>IMMACOLATA STIZZO<\/strong>, Consigliere del direttivo Regionale Campania di AIF <\/p><p>\u00a0<\/p>\t\t\t\t\t<\/div>\n\t\t\t\t\t\t<\/div>\n\t\t\t\t<\/div>\n\t\t\t\t<div class=\"elementor-element elementor-element-6e28624 elementor-cta--skin-classic elementor-animated-content elementor-bg-transform elementor-bg-transform-zoom-in elementor-widget elementor-widget-call-to-action\" data-id=\"6e28624\" data-element_type=\"widget\" data-widget_type=\"call-to-action.default\">\n\t\t\t\t<div class=\"elementor-widget-container\">\n\t\t\t\t\t<div class=\"elementor-cta\">\n\t\t\t\t\t<div class=\"elementor-cta__bg-wrapper\">\n\t\t\t\t<div class=\"elementor-cta__bg elementor-bg\" style=\"background-image: url(https:\/\/aifcampania.it\/wp-content\/uploads\/2020\/06\/solo-immagine-01-1024x724.jpg);\"><\/div>\n\t\t\t\t<div class=\"elementor-cta__bg-overlay\"><\/div>\n\t\t\t<\/div>\n\t\t\t\t\t\t\t<div class=\"elementor-cta__content\">\n\t\t\t\t\n\t\t\t\t<h2 class=\"elementor-cta__title elementor-cta__content-item elementor-content-item\">Scarica la Locandina <\/h2>\n\t\t\t\t\t\t\t\t\t<div class=\"elementor-cta__description elementor-cta__content-item elementor-content-item\">\n\t\t\t\t\t\tLa Leadership Resiliente \t\t\t\t\t<\/div>\n\t\t\t\t\n\t\t\t\t\t\t\t\t\t<div class=\"elementor-cta__button-wrapper elementor-cta__content-item elementor-content-item \">\n\t\t\t\t\t<a class=\"elementor-cta__button elementor-button elementor-size-sm\" href=\"http:\/\/aifcampania.it\/wp-content\/uploads\/2020\/06\/Leadership-01-01-scaled.jpg\">\n\t\t\t\t\t\tClick Here\t\t\t\t\t<\/a>\n\t\t\t\t\t<\/div>\n\t\t\t\t\t\t\t<\/div>\n\t\t\t\t\t\t<\/div>\n\t\t\t\t<\/div>\n\t\t\t\t<\/div>\n\t\t\t\t\t\t<\/div>\n\t\t\t\t\t<\/div>\n\t\t<\/div>\n\t\t\t\t\t\t\t\t<\/div>\n\t\t\t\t\t<\/div>\n\t\t<\/section>\n\t\t\t\t<section class=\"elementor-section elementor-top-section elementor-element elementor-element-62ee0b3d elementor-section-boxed elementor-section-height-default elementor-section-height-default\" data-id=\"62ee0b3d\" data-element_type=\"section\">\n\t\t\t\t\t\t<div class=\"elementor-container elementor-column-gap-default\">\n\t\t\t\t\t\t\t<div class=\"elementor-row\">\n\t\t\t\t\t<div class=\"elementor-column elementor-col-100 elementor-top-column elementor-element elementor-element-d640155\" data-id=\"d640155\" data-element_type=\"column\">\n\t\t\t<div class=\"elementor-column-wrap elementor-element-populated\">\n\t\t\t\t\t\t\t<div class=\"elementor-widget-wrap\">\n\t\t\t\t\t\t<div class=\"elementor-element elementor-element-36b1c5ee elementor-widget elementor-widget-heading\" data-id=\"36b1c5ee\" data-element_type=\"widget\" data-widget_type=\"heading.default\">\n\t\t\t\t<div class=\"elementor-widget-container\">\n\t\t\t<h2 class=\"elementor-heading-title elementor-size-default\">ISCRIVITI ORA <\/h2>\t\t<\/div>\n\t\t\t\t<\/div>\n\t\t\t\t\t\t<\/div>\n\t\t\t\t\t<\/div>\n\t\t<\/div>\n\t\t\t\t\t\t\t\t<\/div>\n\t\t\t\t\t<\/div>\n\t\t<\/section>\n\t\t\t\t<section class=\"elementor-section elementor-top-section elementor-element elementor-element-204d7a65 elementor-section-boxed elementor-section-height-default elementor-section-height-default\" data-id=\"204d7a65\" data-element_type=\"section\">\n\t\t\t\t\t\t<div class=\"elementor-container elementor-column-gap-default\">\n\t\t\t\t\t\t\t<div class=\"elementor-row\">\n\t\t\t\t\t<div class=\"elementor-column elementor-col-100 elementor-top-column elementor-element elementor-element-2cb2c9b7\" data-id=\"2cb2c9b7\" data-element_type=\"column\">\n\t\t\t<div class=\"elementor-column-wrap elementor-element-populated\">\n\t\t\t\t\t\t\t<div class=\"elementor-widget-wrap\">\n\t\t\t\t\t\t<div class=\"elementor-element elementor-element-23a472a3 elementor-widget-divider--view-line elementor-widget elementor-widget-divider\" data-id=\"23a472a3\" data-element_type=\"widget\" data-widget_type=\"divider.default\">\n\t\t\t\t<div class=\"elementor-widget-container\">\n\t\t\t\t\t<div class=\"elementor-divider\">\n\t\t\t<span class=\"elementor-divider-separator\">\n\t\t\t\t\t\t<\/span>\n\t\t<\/div>\n\t\t\t\t<\/div>\n\t\t\t\t<\/div>\n\t\t\t\t<div class=\"elementor-element elementor-element-425e0b4e elementor-button-align-stretch elementor-widget elementor-widget-form\" data-id=\"425e0b4e\" data-element_type=\"widget\" data-settings=\"{&quot;button_width&quot;:&quot;100&quot;,&quot;step_next_label&quot;:&quot;Successivo&quot;,&quot;step_previous_label&quot;:&quot;Precedente&quot;,&quot;step_type&quot;:&quot;number_text&quot;,&quot;step_icon_shape&quot;:&quot;circle&quot;}\" data-widget_type=\"form.default\">\n\t\t\t\t<div class=\"elementor-widget-container\">\n\t\t\t\t\t<form class=\"elementor-form\" method=\"post\" name=\"ISCRIVITI ORA \">\n\t\t\t<input type=\"hidden\" name=\"post_id\" value=\"281\"\/>\n\t\t\t<input type=\"hidden\" name=\"form_id\" value=\"425e0b4e\"\/>\n\t\t\t<input type=\"hidden\" name=\"referer_title\" value=\"\" \/>\n\n\t\t\t\n\t\t\t<div class=\"elementor-form-fields-wrapper elementor-labels-above\">\n\t\t\t\t\t\t\t\t<div class=\"elementor-field-type-text elementor-field-group elementor-column elementor-field-group-name elementor-col-100\">\n\t\t\t\t\t\t\t\t\t\t\t\t<label for=\"form-field-name\" class=\"elementor-field-label\">\n\t\t\t\t\t\t\t\tName\t\t\t\t\t\t\t<\/label>\n\t\t\t\t\t\t\t\t\t\t\t\t\t\t<input size=\"1\" type=\"text\" name=\"form_fields[name]\" id=\"form-field-name\" class=\"elementor-field elementor-size-sm  elementor-field-textual\" placeholder=\"Name\">\n\t\t\t\t\t\t\t\t\t\t\t<\/div>\n\t\t\t\t\t\t\t\t<div class=\"elementor-field-type-text elementor-field-group elementor-column elementor-field-group-field_e6ca04b elementor-col-100\">\n\t\t\t\t\t\t\t\t\t\t\t\t<label for=\"form-field-field_e6ca04b\" class=\"elementor-field-label\">\n\t\t\t\t\t\t\t\tCognome \t\t\t\t\t\t\t<\/label>\n\t\t\t\t\t\t\t\t\t\t\t\t\t\t<input size=\"1\" type=\"text\" name=\"form_fields[field_e6ca04b]\" id=\"form-field-field_e6ca04b\" class=\"elementor-field elementor-size-sm  elementor-field-textual\" placeholder=\"Cognome \">\n\t\t\t\t\t\t\t\t\t\t\t<\/div>\n\t\t\t\t\t\t\t\t<div class=\"elementor-field-type-email elementor-field-group elementor-column elementor-field-group-email elementor-col-100 elementor-field-required\">\n\t\t\t\t\t\t\t\t\t\t\t\t<label for=\"form-field-email\" class=\"elementor-field-label\">\n\t\t\t\t\t\t\t\tEmail\t\t\t\t\t\t\t<\/label>\n\t\t\t\t\t\t\t\t\t\t\t\t\t\t<input size=\"1\" type=\"email\" name=\"form_fields[email]\" id=\"form-field-email\" class=\"elementor-field elementor-size-sm  elementor-field-textual\" placeholder=\"Email\" required=\"required\" aria-required=\"true\">\n\t\t\t\t\t\t\t\t\t\t\t<\/div>\n\t\t\t\t\t\t\t\t<div class=\"elementor-field-type-text elementor-field-group elementor-column elementor-field-group-field_fc308af elementor-col-100\">\n\t\t\t\t\t\t\t\t\t\t\t\t<label for=\"form-field-field_fc308af\" class=\"elementor-field-label\">\n\t\t\t\t\t\t\t\tCellulare \t\t\t\t\t\t\t<\/label>\n\t\t\t\t\t\t\t\t\t\t\t\t\t\t<input size=\"1\" type=\"text\" name=\"form_fields[field_fc308af]\" id=\"form-field-field_fc308af\" class=\"elementor-field elementor-size-sm  elementor-field-textual\" placeholder=\"Mobile \">\n\t\t\t\t\t\t\t\t\t\t\t<\/div>\n\t\t\t\t\t\t\t\t<div class=\"elementor-field-group elementor-column elementor-field-type-submit elementor-col-100 e-form__buttons\">\n\t\t\t\t\t<button type=\"submit\" class=\"elementor-button elementor-size-sm\">\n\t\t\t\t\t\t<span >\n\t\t\t\t\t\t\t\t\t\t\t\t\t\t\t<span class=\"elementor-align-icon-left elementor-button-icon\">\n\t\t\t\t\t\t\t\t\t<i aria-hidden=\"true\" class=\"far fa-gem\"><\/i>\t\t\t\t\t\t\t\t\t\t\t\t\t\t\t\t\t<\/span>\n\t\t\t\t\t\t\t\t\t\t\t\t\t\t\t\t\t\t\t\t\t\t<span class=\"elementor-button-text\">Send<\/span>\n\t\t\t\t\t\t\t\t\t\t\t\t\t<\/span>\n\t\t\t\t\t<\/button>\n\t\t\t\t<\/div>\n\t\t\t<\/div>\n\t\t<\/form>\n\t\t\t\t<\/div>\n\t\t\t\t<\/div>\n\t\t\t\t\t\t<\/div>\n\t\t\t\t\t<\/div>\n\t\t<\/div>\n\t\t\t\t\t\t\t\t<\/div>\n\t\t\t\t\t<\/div>\n\t\t<\/section>\n\t\t\t\t\t\t\t\t\t<\/div>\n\t\t\t<\/div>\n\t\t\t\t\t<\/div>\n\t\t<\/div>","protected":false},"excerpt":{"rendered":"<div class=\"entry-content-stat post-content\"><p>Workshop 19 giugno 2020 dalle 18.00 alle 20.00 La leadership<\/p>\n<\/div><a href=\"https:\/\/aifcampania.it\/?page_id=281\">Read More<i class=\"fa fa-long-arrow-right\" aria-hidden=\"true\"><\/i><\/a>","protected":false},"author":1,"featured_media":0,"parent":0,"menu_order":0,"comment_status":"closed","ping_status":"closed","template":"","meta":[],"rise-blocks_excerpt":"Workshop 19 giugno 2020 dalle 18.00 alle 20.00 La leadership resiliente Incertezze, timori, incapacit\u00e0 di pianificare con accuratezza in uno scenario cos\u00ec sconosciuto e imprevedibile, distacco fisico e spesso emotivo dal proprio team di lavoro: la crisi pandemica ha creato e continua a creare numerose difficolt\u00e0 per chi lavora, gestisce risorse, governa imprese. In un quadro del genere \u00e8 fondamentale..","_links":{"self":[{"href":"https:\/\/aifcampania.it\/index.php?rest_route=\/wp\/v2\/pages\/281"}],"collection":[{"href":"https:\/\/aifcampania.it\/index.php?rest_route=\/wp\/v2\/pages"}],"about":[{"href":"https:\/\/aifcampania.it\/index.php?rest_route=\/wp\/v2\/types\/page"}],"author":[{"embeddable":true,"href":"https:\/\/aifcampania.it\/index.php?rest_route=\/wp\/v2\/users\/1"}],"replies":[{"embeddable":true,"href":"https:\/\/aifcampania.it\/index.php?rest_route=%2Fwp%2Fv2%2Fcomments&post=281"}],"version-history":[{"count":6,"href":"https:\/\/aifcampania.it\/index.php?rest_route=\/wp\/v2\/pages\/281\/revisions"}],"predecessor-version":[{"id":294,"href":"https:\/\/aifcampania.it\/index.php?rest_route=\/wp\/v2\/pages\/281\/revisions\/294"}],"wp:attachment":[{"href":"https:\/\/aifcampania.it\/index.php?rest_route=%2Fwp%2Fv2%2Fmedia&parent=281"}],"curies":[{"name":"wp","href":"https:\/\/api.w.org\/{rel}","templated":true}]}}