{"id":649,"date":"2021-10-19T16:27:29","date_gmt":"2021-10-19T15:27:29","guid":{"rendered":"https:\/\/aifcampania.it\/?page_id=649"},"modified":"2021-10-19T21:33:54","modified_gmt":"2021-10-19T20:33:54","slug":"elementor-649","status":"publish","type":"page","link":"https:\/\/aifcampania.it\/?page_id=649","title":{"rendered":"Scienze Cognitive"},"content":{"rendered":"<div class=\"post-content\">\t\t<div data-elementor-type=\"wp-page\" data-elementor-id=\"649\" class=\"elementor elementor-649\">\n\t\t\t\t\t\t<div class=\"elementor-inner\">\n\t\t\t\t<div class=\"elementor-section-wrap\">\n\t\t\t\t\t\t\t\t\t<section class=\"elementor-section elementor-top-section elementor-element elementor-element-19544edf elementor-section-boxed elementor-section-height-default elementor-section-height-default\" data-id=\"19544edf\" data-element_type=\"section\">\n\t\t\t\t\t\t<div class=\"elementor-container elementor-column-gap-default\">\n\t\t\t\t\t\t\t<div class=\"elementor-row\">\n\t\t\t\t\t<div class=\"elementor-column elementor-col-100 elementor-top-column elementor-element elementor-element-147a2b7e\" data-id=\"147a2b7e\" data-element_type=\"column\">\n\t\t\t<div class=\"elementor-column-wrap elementor-element-populated\">\n\t\t\t\t\t\t\t<div class=\"elementor-widget-wrap\">\n\t\t\t\t\t\t<div class=\"elementor-element elementor-element-3128b6d3 animated-slow elementor-invisible elementor-widget elementor-widget-heading\" data-id=\"3128b6d3\" data-element_type=\"widget\" data-settings=\"{&quot;_animation&quot;:&quot;slideInRight&quot;}\" data-widget_type=\"heading.default\">\n\t\t\t\t<div class=\"elementor-widget-container\">\n\t\t\t<h4 class=\"elementor-heading-title elementor-size-default\">EVENTI AUTUNNO 2021    <\/h4>\t\t<\/div>\n\t\t\t\t<\/div>\n\t\t\t\t\t\t<\/div>\n\t\t\t\t\t<\/div>\n\t\t<\/div>\n\t\t\t\t\t\t\t\t<\/div>\n\t\t\t\t\t<\/div>\n\t\t<\/section>\n\t\t\t\t<section class=\"elementor-section elementor-top-section elementor-element elementor-element-7f75e89a elementor-section-boxed elementor-section-height-default elementor-section-height-default\" data-id=\"7f75e89a\" data-element_type=\"section\">\n\t\t\t\t\t\t<div class=\"elementor-container elementor-column-gap-default\">\n\t\t\t\t\t\t\t<div class=\"elementor-row\">\n\t\t\t\t\t<div class=\"elementor-column elementor-col-100 elementor-top-column elementor-element elementor-element-2d2525f5\" data-id=\"2d2525f5\" data-element_type=\"column\">\n\t\t\t<div class=\"elementor-column-wrap elementor-element-populated\">\n\t\t\t\t\t\t\t<div class=\"elementor-widget-wrap\">\n\t\t\t\t\t\t<div class=\"elementor-element elementor-element-34ad1664 elementor-widget elementor-widget-heading\" data-id=\"34ad1664\" data-element_type=\"widget\" data-widget_type=\"heading.default\">\n\t\t\t\t<div class=\"elementor-widget-container\">\n\t\t\t<h1 class=\"elementor-heading-title elementor-size-default\">SCIENZE COGNITIVE E APPRENDIMENTO<\/h1>\t\t<\/div>\n\t\t\t\t<\/div>\n\t\t\t\t\t\t<\/div>\n\t\t\t\t\t<\/div>\n\t\t<\/div>\n\t\t\t\t\t\t\t\t<\/div>\n\t\t\t\t\t<\/div>\n\t\t<\/section>\n\t\t\t\t<section class=\"elementor-section elementor-top-section elementor-element elementor-element-5f73bd68 elementor-section-full_width elementor-section-content-middle elementor-section-height-default elementor-section-height-default\" data-id=\"5f73bd68\" data-element_type=\"section\">\n\t\t\t\t\t\t<div class=\"elementor-container elementor-column-gap-no\">\n\t\t\t\t\t\t\t<div class=\"elementor-row\">\n\t\t\t\t\t<div class=\"elementor-column elementor-col-33 elementor-top-column elementor-element elementor-element-3cf57b2b\" data-id=\"3cf57b2b\" data-element_type=\"column\" data-settings=\"{&quot;background_background&quot;:&quot;classic&quot;}\">\n\t\t\t<div class=\"elementor-column-wrap elementor-element-populated\">\n\t\t\t\t\t\t\t<div class=\"elementor-widget-wrap\">\n\t\t\t\t\t\t\t\t<\/div>\n\t\t\t\t\t<\/div>\n\t\t<\/div>\n\t\t\t\t<div class=\"elementor-column elementor-col-33 elementor-top-column elementor-element elementor-element-e8dcba1\" data-id=\"e8dcba1\" data-element_type=\"column\">\n\t\t\t<div class=\"elementor-column-wrap elementor-element-populated\">\n\t\t\t\t\t\t\t<div class=\"elementor-widget-wrap\">\n\t\t\t\t\t\t<section class=\"elementor-section elementor-inner-section elementor-element elementor-element-41d7c6e0 elementor-section-boxed elementor-section-height-default elementor-section-height-default\" data-id=\"41d7c6e0\" data-element_type=\"section\">\n\t\t\t\t\t\t<div class=\"elementor-container elementor-column-gap-no\">\n\t\t\t\t\t\t\t<div class=\"elementor-row\">\n\t\t\t\t\t<div class=\"elementor-column elementor-col-50 elementor-inner-column elementor-element elementor-element-593823b0\" data-id=\"593823b0\" data-element_type=\"column\">\n\t\t\t<div class=\"elementor-column-wrap elementor-element-populated\">\n\t\t\t\t\t\t\t<div class=\"elementor-widget-wrap\">\n\t\t\t\t\t\t<div class=\"elementor-element elementor-element-5049b08a elementor-widget elementor-widget-heading\" data-id=\"5049b08a\" data-element_type=\"widget\" data-widget_type=\"heading.default\">\n\t\t\t\t<div class=\"elementor-widget-container\">\n\t\t\t<span class=\"elementor-heading-title elementor-size-default\">27<\/span>\t\t<\/div>\n\t\t\t\t<\/div>\n\t\t\t\t\t\t<\/div>\n\t\t\t\t\t<\/div>\n\t\t<\/div>\n\t\t\t\t<div class=\"elementor-column elementor-col-50 elementor-inner-column elementor-element elementor-element-29ace683\" data-id=\"29ace683\" data-element_type=\"column\">\n\t\t\t<div class=\"elementor-column-wrap elementor-element-populated\">\n\t\t\t\t\t\t\t<div class=\"elementor-widget-wrap\">\n\t\t\t\t\t\t<div class=\"elementor-element elementor-element-42d722a4 elementor-widget elementor-widget-heading\" data-id=\"42d722a4\" data-element_type=\"widget\" data-widget_type=\"heading.default\">\n\t\t\t\t<div class=\"elementor-widget-container\">\n\t\t\t<h2 class=\"elementor-heading-title elementor-size-default\">ottobre<\/h2>\t\t<\/div>\n\t\t\t\t<\/div>\n\t\t\t\t<div class=\"elementor-element elementor-element-4a5f5fb0 elementor-widget elementor-widget-text-editor\" data-id=\"4a5f5fb0\" data-element_type=\"widget\" data-widget_type=\"text-editor.default\">\n\t\t\t\t<div class=\"elementor-widget-container\">\n\t\t\t\t\t\t\t\t<div class=\"elementor-text-editor elementor-clearfix\">\n\t\t\t\t<p>ORE 16.00 &#8211; 18.00<\/p>\t\t\t\t\t<\/div>\n\t\t\t\t\t\t<\/div>\n\t\t\t\t<\/div>\n\t\t\t\t\t\t<\/div>\n\t\t\t\t\t<\/div>\n\t\t<\/div>\n\t\t\t\t\t\t\t\t<\/div>\n\t\t\t\t\t<\/div>\n\t\t<\/section>\n\t\t\t\t\t\t<\/div>\n\t\t\t\t\t<\/div>\n\t\t<\/div>\n\t\t\t\t<div class=\"elementor-column elementor-col-33 elementor-top-column elementor-element elementor-element-371182c6\" data-id=\"371182c6\" data-element_type=\"column\" data-settings=\"{&quot;background_background&quot;:&quot;classic&quot;}\">\n\t\t\t<div class=\"elementor-column-wrap elementor-element-populated\">\n\t\t\t\t\t\t\t<div class=\"elementor-widget-wrap\">\n\t\t\t\t\t\t<div class=\"elementor-element elementor-element-80ca56 elementor-widget elementor-widget-image\" data-id=\"80ca56\" data-element_type=\"widget\" data-widget_type=\"image.default\">\n\t\t\t\t<div class=\"elementor-widget-container\">\n\t\t\t\t\t\t\t\t<div class=\"elementor-image\">\n\t\t\t\t\t\t\t\t\t\t\t\t<img decoding=\"async\" width=\"640\" height=\"478\" src=\"https:\/\/aifcampania.it\/wp-content\/uploads\/2021\/10\/Immagine1.jpg\" class=\"attachment-large size-large wp-image-651\" alt=\"\" loading=\"lazy\" srcset=\"https:\/\/aifcampania.it\/wp-content\/uploads\/2021\/10\/Immagine1.jpg 918w, https:\/\/aifcampania.it\/wp-content\/uploads\/2021\/10\/Immagine1-300x224.jpg 300w, https:\/\/aifcampania.it\/wp-content\/uploads\/2021\/10\/Immagine1-768x573.jpg 768w\" sizes=\"(max-width: 640px) 100vw, 640px\" \/>\t\t\t\t\t\t\t\t\t\t\t\t\t\t<\/div>\n\t\t\t\t\t\t<\/div>\n\t\t\t\t<\/div>\n\t\t\t\t\t\t<\/div>\n\t\t\t\t\t<\/div>\n\t\t<\/div>\n\t\t\t\t\t\t\t\t<\/div>\n\t\t\t\t\t<\/div>\n\t\t<\/section>\n\t\t\t\t<section class=\"elementor-section elementor-top-section elementor-element elementor-element-63cfb69d elementor-section-full_width elementor-section-height-min-height elementor-section-items-stretch elementor-section-content-middle elementor-section-height-default\" data-id=\"63cfb69d\" data-element_type=\"section\">\n\t\t\t\t\t\t<div class=\"elementor-container elementor-column-gap-no\">\n\t\t\t\t\t\t\t<div class=\"elementor-row\">\n\t\t\t\t\t<div class=\"elementor-column elementor-col-50 elementor-top-column elementor-element elementor-element-1210de98\" data-id=\"1210de98\" data-element_type=\"column\">\n\t\t\t<div class=\"elementor-column-wrap elementor-element-populated\">\n\t\t\t\t\t\t\t<div class=\"elementor-widget-wrap\">\n\t\t\t\t\t\t<div class=\"elementor-element elementor-element-27349e61 elementor-widget elementor-widget-image\" data-id=\"27349e61\" data-element_type=\"widget\" data-widget_type=\"image.default\">\n\t\t\t\t<div class=\"elementor-widget-container\">\n\t\t\t\t\t\t\t\t<div class=\"elementor-image\">\n\t\t\t\t\t\t\t\t\t\t\t\t<img decoding=\"async\" width=\"300\" height=\"300\" src=\"https:\/\/aifcampania.it\/wp-content\/uploads\/2020\/03\/Quadro-campagna-soci-300x300.png\" class=\"attachment-medium size-medium wp-image-42\" alt=\"\" loading=\"lazy\" srcset=\"https:\/\/aifcampania.it\/wp-content\/uploads\/2020\/03\/Quadro-campagna-soci-300x300.png 300w, https:\/\/aifcampania.it\/wp-content\/uploads\/2020\/03\/Quadro-campagna-soci-1024x1024.png 1024w, https:\/\/aifcampania.it\/wp-content\/uploads\/2020\/03\/Quadro-campagna-soci-150x150.png 150w, https:\/\/aifcampania.it\/wp-content\/uploads\/2020\/03\/Quadro-campagna-soci-768x768.png 768w, https:\/\/aifcampania.it\/wp-content\/uploads\/2020\/03\/Quadro-campagna-soci-1536x1536.png 1536w, https:\/\/aifcampania.it\/wp-content\/uploads\/2020\/03\/Quadro-campagna-soci-2048x2048.png 2048w\" sizes=\"(max-width: 300px) 100vw, 300px\" \/>\t\t\t\t\t\t\t\t\t\t\t\t\t\t<\/div>\n\t\t\t\t\t\t<\/div>\n\t\t\t\t<\/div>\n\t\t\t\t<div class=\"elementor-element elementor-element-4ac86a28 elementor-widget elementor-widget-text-editor\" data-id=\"4ac86a28\" data-element_type=\"widget\" data-widget_type=\"text-editor.default\">\n\t\t\t\t<div class=\"elementor-widget-container\">\n\t\t\t\t\t\t\t\t<div class=\"elementor-text-editor elementor-clearfix\">\n\t\t\t\t<div><div><p><img decoding=\"async\" loading=\"lazy\" src=\"https:\/\/static.xx.fbcdn.net\/images\/emoji.php\/v9\/t33\/1\/16\/2705.png\" alt=\"\u2705\" width=\"16\" height=\"16\" \/> <img decoding=\"async\" loading=\"lazy\" src=\"https:\/\/static.xx.fbcdn.net\/images\/emoji.php\/v9\/t9a\/1\/16\/1f468_200d_1f4bc.png\" alt=\"\ud83d\udc68\u200d\ud83d\udcbc\" width=\"16\" height=\"16\" \/><img decoding=\"async\" loading=\"lazy\" src=\"https:\/\/static.xx.fbcdn.net\/images\/emoji.php\/v9\/t79\/1\/16\/1f469_200d_1f4bc.png\" alt=\"\ud83d\udc69\u200d\ud83d\udcbc\" width=\"16\" height=\"16\" \/> <strong>RELATORI<\/strong><\/p><p><b>ANGELA BOLDINI<\/b><\/p><div><p>Dopo un master e un dottorato in Scienze Cognitive ottenuti in UK, ha<br \/>vinto una fellowship Marie Curie della Commissione Europea e ha<br \/>insegnato e fatto ricerca in Spagna per vari anni. Oggi si dedica<br \/>soprattutto agli aspetti applicativi delle scienze cognitive all&#8217;interno<br \/>del mondo della scuola e dell\u2019impresa, occupandosi soprattutto di<br \/>memoria e apprendimento.<\/p><p><b>MARIO TESTA<\/b><\/p><p>Professore di Management presso l\u2019Universit\u00e0 degli Studi di Salerno.<br \/>Visiting Researcher presso la Nairobi University (Kenya) e la Makerere<br \/>University di Kampala (Uganda), \u00e8 auditor di II e III parte dei sistemi<br \/>di gestione Qualit\u00e0, consulente Lean e trainer aziendale<\/p><\/div><\/div><\/div><div>\u00a0<\/div><div><img decoding=\"async\" loading=\"lazy\" src=\"https:\/\/static.xx.fbcdn.net\/images\/emoji.php\/v9\/tf3\/1\/16\/1f539.png\" alt=\"\ud83d\udd39\" width=\"16\" height=\"16\" \/> <strong>La nostra asscociazione, <\/strong>che da sempre si \u00e8 pone come l\u2019interlocutore riconosciuto da Aziende, Pubblica Amministrazione e Liberi Professionisti, con qualit\u00e0, seriet\u00e0 e coerenza, \u00e8 lieta di poter ospitare <strong>ANGELA BOLDINI<\/strong>, che ci presentar\u00e0 come i proncipi cardine delle <strong>Scienze cognitive possano favorire i processi di apprendimento<\/strong>.<\/div><p><img decoding=\"async\" loading=\"lazy\" src=\"https:\/\/static.xx.fbcdn.net\/images\/emoji.php\/v9\/t8d\/1\/16\/2611.png\" alt=\"\u2611\" width=\"16\" height=\"16\" \/> <strong>Noi Formatori vogliamo vivere e realizzare aule che favoriscano l&#8217;apprendimento ?<\/strong><\/p><p><strong><img decoding=\"async\" loading=\"lazy\" src=\"https:\/\/static.xx.fbcdn.net\/images\/emoji.php\/v9\/t8d\/1\/16\/2611.png\" alt=\"\u2611\" width=\"16\" height=\"16\" \/>Quali competenze dovremo allenare e quali approcci dovremo avere?<\/strong><\/p><div>\u00a0<\/div><p>\u00a0<\/p>\t\t\t\t\t<\/div>\n\t\t\t\t\t\t<\/div>\n\t\t\t\t<\/div>\n\t\t\t\t\t\t<\/div>\n\t\t\t\t\t<\/div>\n\t\t<\/div>\n\t\t\t\t<div class=\"elementor-column elementor-col-50 elementor-top-column elementor-element elementor-element-302c4c82\" data-id=\"302c4c82\" data-element_type=\"column\">\n\t\t\t<div class=\"elementor-column-wrap elementor-element-populated\">\n\t\t\t\t\t\t\t<div class=\"elementor-widget-wrap\">\n\t\t\t\t\t\t<div class=\"elementor-element elementor-element-652d4ab0 elementor-widget elementor-widget-text-editor\" data-id=\"652d4ab0\" data-element_type=\"widget\" data-widget_type=\"text-editor.default\">\n\t\t\t\t<div class=\"elementor-widget-container\">\n\t\t\t\t\t\t\t\t<div class=\"elementor-text-editor elementor-clearfix\">\n\t\t\t\t<div><p><img decoding=\"async\" loading=\"lazy\" src=\"https:\/\/static.xx.fbcdn.net\/images\/emoji.php\/v9\/tb0\/1\/16\/1f3af.png\" alt=\"\ud83c\udfaf\" width=\"16\" height=\"16\" \/> <strong>OBIETTIVI<\/strong><br \/><img decoding=\"async\" loading=\"lazy\" src=\"https:\/\/static.xx.fbcdn.net\/images\/emoji.php\/v9\/t8d\/1\/16\/2611.png\" alt=\"\u2611\" width=\"16\" height=\"16\" \/>Approfondire principi cardine delle scienze cognitive che possano favorire il processo di apprendimento in aula<\/p><\/div><div><p><img decoding=\"async\" loading=\"lazy\" src=\"https:\/\/static.xx.fbcdn.net\/images\/emoji.php\/v9\/t2b\/1\/16\/1f4cb.png\" alt=\"\ud83d\udccb\" width=\"16\" height=\"16\" \/> <strong>PROGRAMMA<\/strong><\/p><p>-I vari tipi di memoria e i processi fondamentali alla base dell\u2019apprendimento.<\/p><p>-Elaborazione profonda ed elaborazione superficiale<\/p><p>-If there\u2019s a why there\u2019s a way: la curiosit\u00e1\u00a0\u00a0<\/p><p>-Se \u00e9 un mio pensiero me lo ricordo meglio: il Generation Effect<\/p><p>-Il ruolo delle Emozioni<\/p><p>-La consapevolezza nell\u2019apprendere: la Metacognizione<\/p><p><em>\u00a0<\/em><\/p><p><em>Introduce e coordina il seminario <\/em><\/p><\/div><div>Immacolata Stizzo &#8211; Consigliere del Direttivo AIF Campania<\/div><div>\u00a0<\/div><div>Al termine dell&#8217;intervento seguir\u00e0 il dibattito con i partecipanti all&#8217;incontro.\u00a0<\/div><div>\u00a0<\/div><div>\u00a0<\/div><div><strong>INFO E ISCRIZIONI<\/strong><br \/><img decoding=\"async\" loading=\"lazy\" src=\"https:\/\/static.xx.fbcdn.net\/images\/emoji.php\/v9\/tf3\/1\/16\/1f539.png\" alt=\"\ud83d\udd39\" width=\"16\" height=\"16\" \/> Webinar gratuito | 50 posti disponibili<\/div><div><p><i>Aperti ai soci ed ai non soci AIF.\u00a0 <\/i><i>Ai soci sar\u00e0 data priorit\u00e0 di accesso. <\/i><i>l&#8217;evento attribuisce 0,5 crediti formativi AIF. <\/i><\/p><\/div><div>\u00a0<\/div><div>\u00a0<\/div><div><img decoding=\"async\" loading=\"lazy\" src=\"https:\/\/static.xx.fbcdn.net\/images\/emoji.php\/v9\/t51\/1\/16\/1f449.png\" alt=\"\ud83d\udc49\" width=\"16\" height=\"16\" \/> PER INFO<\/div><div>\u00a0\u00a0\u00a0\u00a0\u00a0 campania@associazioneitalianaformatori.it<\/div><p>\u00a0<\/p>\t\t\t\t\t<\/div>\n\t\t\t\t\t\t<\/div>\n\t\t\t\t<\/div>\n\t\t\t\t<div class=\"elementor-element elementor-element-53dfa9dc elementor-align-center elementor-widget elementor-widget-button\" data-id=\"53dfa9dc\" data-element_type=\"widget\" data-widget_type=\"button.default\">\n\t\t\t\t<div class=\"elementor-widget-container\">\n\t\t\t\t\t<div class=\"elementor-button-wrapper\">\n\t\t\t<a href=\"https:\/\/us02web.zoom.us\/meeting\/register\/tZwoceqopzgiEtCBTq7wCm8veMXFBxm7NSh6\" class=\"elementor-button-link elementor-button elementor-size-sm\" role=\"button\">\n\t\t\t\t\t\t<span class=\"elementor-button-content-wrapper\">\n\t\t\t\t\t\t\t<span class=\"elementor-button-icon elementor-align-icon-left\">\n\t\t\t\t<i aria-hidden=\"true\" class=\"fab fa-centercode\"><\/i>\t\t\t<\/span>\n\t\t\t\t\t\t<span class=\"elementor-button-text\">ISCRIVITI SUBITO <\/span>\n\t\t<\/span>\n\t\t\t\t\t<\/a>\n\t\t<\/div>\n\t\t\t\t<\/div>\n\t\t\t\t<\/div>\n\t\t\t\t\t\t<\/div>\n\t\t\t\t\t<\/div>\n\t\t<\/div>\n\t\t\t\t\t\t\t\t<\/div>\n\t\t\t\t\t<\/div>\n\t\t<\/section>\n\t\t\t\t<section class=\"elementor-section elementor-top-section elementor-element elementor-element-12bbfe3f elementor-section-boxed elementor-section-height-default elementor-section-height-default\" data-id=\"12bbfe3f\" data-element_type=\"section\">\n\t\t\t\t\t\t<div class=\"elementor-container elementor-column-gap-default\">\n\t\t\t\t\t\t\t<div class=\"elementor-row\">\n\t\t\t\t\t<div class=\"elementor-column elementor-col-100 elementor-top-column elementor-element elementor-element-558f8b\" data-id=\"558f8b\" data-element_type=\"column\">\n\t\t\t<div class=\"elementor-column-wrap elementor-element-populated\">\n\t\t\t\t\t\t\t<div class=\"elementor-widget-wrap\">\n\t\t\t\t\t\t<div class=\"elementor-element elementor-element-5e94bd38 elementor-widget elementor-widget-heading\" data-id=\"5e94bd38\" data-element_type=\"widget\" data-widget_type=\"heading.default\">\n\t\t\t\t<div class=\"elementor-widget-container\">\n\t\t\t<h2 class=\"elementor-heading-title elementor-size-default\">PROSSIMI EVENTI<\/h2>\t\t<\/div>\n\t\t\t\t<\/div>\n\t\t\t\t\t\t<\/div>\n\t\t\t\t\t<\/div>\n\t\t<\/div>\n\t\t\t\t\t\t\t\t<\/div>\n\t\t\t\t\t<\/div>\n\t\t<\/section>\n\t\t\t\t<section class=\"elementor-section elementor-top-section elementor-element elementor-element-6cdbfbc6 elementor-section-boxed elementor-section-height-default elementor-section-height-default\" data-id=\"6cdbfbc6\" data-element_type=\"section\">\n\t\t\t\t\t\t<div class=\"elementor-container elementor-column-gap-default\">\n\t\t\t\t\t\t\t<div class=\"elementor-row\">\n\t\t\t\t\t<div class=\"elementor-column elementor-col-100 elementor-top-column elementor-element elementor-element-59a6235e\" data-id=\"59a6235e\" data-element_type=\"column\">\n\t\t\t<div class=\"elementor-column-wrap elementor-element-populated\">\n\t\t\t\t\t\t\t<div class=\"elementor-widget-wrap\">\n\t\t\t\t\t\t<div class=\"elementor-element elementor-element-6dcdeeca elementor-widget elementor-widget-text-editor\" data-id=\"6dcdeeca\" data-element_type=\"widget\" data-widget_type=\"text-editor.default\">\n\t\t\t\t<div class=\"elementor-widget-container\">\n\t\t\t\t\t\t\t\t<div class=\"elementor-text-editor elementor-clearfix\">\n\t\t\t\t<table width=\"1595\"><tbody><tr><td width=\"165\">Convegno online<\/td><td width=\"159\">\u00a0dal 4 al 6 novembre<\/td><td width=\"133\">intera giornata <\/td><td width=\"144\">Zoom<\/td><td width=\"994\">\u00a0RE ThinKing Learning &#8211; Dall&#8217;Homo Faber all&#8217;Homo Sapiens <\/td><\/tr><tr><td width=\"165\">Workshop online<\/td><td width=\"159\">21\/11\/2021<\/td><td width=\"133\">16:00 &#8211; 19:00<\/td><td width=\"144\">Zoom<\/td><td>\u00a0Da Garazia Giovani al programma GOAL <\/td><\/tr><tr><td width=\"165\">Workshop online<\/td><td width=\"159\">02\/12\/2021<\/td><td width=\"133\">16:00 &#8211; 19:00<\/td><td width=\"144\">Zoom<\/td><td>\u00a0La privacy al tempo del COVID e dei GREEN PASS &#8211; Prospettive per il 2022<\/td><\/tr><\/tbody><\/table>\t\t\t\t\t<\/div>\n\t\t\t\t\t\t<\/div>\n\t\t\t\t<\/div>\n\t\t\t\t\t\t<\/div>\n\t\t\t\t\t<\/div>\n\t\t<\/div>\n\t\t\t\t\t\t\t\t<\/div>\n\t\t\t\t\t<\/div>\n\t\t<\/section>\n\t\t\t\t\t\t\t\t\t<\/div>\n\t\t\t<\/div>\n\t\t\t\t\t<\/div>\n\t\t<\/div>","protected":false},"excerpt":{"rendered":"<div class=\"entry-content-stat post-content\"><p>EVENTI AUTUNNO 2021 SCIENZE COGNITIVE E APPRENDIMENTO 27 ottobre ORE<\/p>\n<\/div><a href=\"https:\/\/aifcampania.it\/?page_id=649\">Read More<i class=\"fa fa-long-arrow-right\" aria-hidden=\"true\"><\/i><\/a>","protected":false},"author":1,"featured_media":0,"parent":0,"menu_order":0,"comment_status":"closed","ping_status":"closed","template":"","meta":[],"rise-blocks_excerpt":"EVENTI AUTUNNO 2021 SCIENZE COGNITIVE E APPRENDIMENTO 27 ottobre ORE 16.00 &#8211; 18.00 RELATORIANGELA BOLDINIDopo un master e un dottorato in Scienze Cognitive ottenuti in UK, havinto una fellowship Marie Curie della Commissione Europea e hainsegnato e fatto ricerca in Spagna per vari anni. Oggi si dedicasoprattutto agli aspetti applicativi delle scienze cognitive all&#8217;internodel mondo della scuola e dell\u2019impresa, occupandosi..","_links":{"self":[{"href":"https:\/\/aifcampania.it\/index.php?rest_route=\/wp\/v2\/pages\/649"}],"collection":[{"href":"https:\/\/aifcampania.it\/index.php?rest_route=\/wp\/v2\/pages"}],"about":[{"href":"https:\/\/aifcampania.it\/index.php?rest_route=\/wp\/v2\/types\/page"}],"author":[{"embeddable":true,"href":"https:\/\/aifcampania.it\/index.php?rest_route=\/wp\/v2\/users\/1"}],"replies":[{"embeddable":true,"href":"https:\/\/aifcampania.it\/index.php?rest_route=%2Fwp%2Fv2%2Fcomments&post=649"}],"version-history":[{"count":17,"href":"https:\/\/aifcampania.it\/index.php?rest_route=\/wp\/v2\/pages\/649\/revisions"}],"predecessor-version":[{"id":673,"href":"https:\/\/aifcampania.it\/index.php?rest_route=\/wp\/v2\/pages\/649\/revisions\/673"}],"wp:attachment":[{"href":"https:\/\/aifcampania.it\/index.php?rest_route=%2Fwp%2Fv2%2Fmedia&parent=649"}],"curies":[{"name":"wp","href":"https:\/\/api.w.org\/{rel}","templated":true}]}}